c + 2. Calculate n(6).
80
Let a(k) = -k**2 - 17*k + 3. What is a(-6)?
69
Let y(j) = j**3 - 22*j**2 - 3*j + 71. Determine y(22).
5
Let q(v) = -v**3 + 14*v**2 + 23*v + 176. Give q(16).
32
Let x(u) = -52*u + 584. Give x(9).
116
Let d(u) = -131*u + 550. Give d(5).
-105
Let y(k) = 4*k**3 + 27*k**2 - 38*k + 19. Calculate y(-8).
3
Let v(u) = -u**2 - 309*u - 3837. What is v(-13)?
11
Let f(h) = 68*h - 55. What is f(0)?
-55
Let q(a) = -1374*a - 19242. Calculate q(-14).
-6
Let h(s) = 677*s - 15579. What is h(23)?
-8
Let x(q) = q**3 - 10*q**2 - 27*q + 48. Calculate x(11).
-128
Let z(f) = 155*f + 1040. Give z(-7).
-45
Let a(r) = r**3 - 11*r**2 + 10*r - 134. What is a(11)?
-24
Let c(g) = -26*g**2 + 8*g - 1. Give c(2).
-89
Let y(p) = -p**2 - 84*p - 488. Determine y(-6).
-20
Let x(p) = 94*p**2 - 50*p + 1. Determine x(-1).
145
Let p(a) = -2*a**3 - 296*a**2 - 570*a + 2031. What is p(-146)?
-13
Let o(f) = -90*f**2 - 13*f + 21. Give o(2).
-365
Let c(v) = 172*v - 613. Determine c(6).
419
Let r(c) = c**3 + 11*c**2 + 52*c - 16. Calculate r(-10).
-436
Let s(m) = -3*m**3 + 177*m**2 + 366*m + 52. Calculate s(61).
52
Let y(f) = -71*f + 401. Determine y(6).
-25
Let m(u) = 6491*u + 51947. Give m(-8).
19
Let j(k) = k**3 + k**2 - 2*k - 50. Give j(5).
90
Let h(u) = -39*u**2 - 18. Give h(0).
-18
Let n(d) = -3*d**3 - 12*d**2 - 12*d - 24. Calculate n(-5).
111
Let q(c) = -c**3 - c**2 - 9*c - 10. Give q(-4).
74
Let i(y) = -2*y**3 - 7*y**2 + 50*y - 37. What is i(-9)?
404
Let i(q) = q**3 - 60*q**2 + 850*q + 27. Determine i(37).
-10
Let r(n) = n**2 + 99*n - 871. Determine r(8).
-15
Let q(y) = -249*y - 1487. Calculate q(-6).
7
Let c(l) = 18*l**2 + 637*l + 192. Give c(-35).
-53
Let i(t) = 144*t - 7057. Determine i(49).
-1
Let u(l) = 26*l**3 + 7*l**2 + 7*l - 8. What is u(-2)?
-202
Let p(n) = n**2 + 7*n - 200. Determine p(14).
94
Let r(c) = -2*c**2 - 77*c - 20. Calculate r(-36).
160
Let n(g) = -g**3 + 123*g**2 + 1040*g - 59. Determine n(-8).
5
Let u(s) = -s**3 - 10*s**2 + 53*s - 33. Give u(-14).
9
Let a(k) = k**3 - 2*k**2 + 3*k + 12. Calculate a(4).
56
Let t(y) = 4*y**2 - 54*y - 42. What is t(15)?
48
Let s(u) = -10*u**3 + 70*u**2 + 9*u + 7. Give s(7).
70
Let d(i) = 2*i**3 + i**2 - 3*i. Determine d(0).
0
Let h(a) = -9*a**3 + 37*a**2 - 9*a + 39. Determine h(4).
19
Let i(g) = 88*g**2 + 8*g + 7. Determine i(-1).
87
Let y(x) = -x**3 - 65*x**2 - 452*x + 32. Calculate y(-8).
0
Let y(r) = r**3 + 20*r**2 + 19*r - 28. Give y(-19).
-28
Let v(t) = 116*t + 19916. What is v(-173)?
-152
Let x(s) = -6*s**2 - 304*s + 609. What is x(2)?
-23
Let a(h) = -32*h - 131. Determine a(-4).
-3
Let t(x) = 18*x**2 + 50*x + 204. Give t(-4).
292
Let c(u) = 69*u - 273. Determine c(4).
3
Let l(j) = j**3 + 18*j**2 - 285*j - 2. Calculate l(10).
-52
Let x(c) = 9*c - 160. Determine x(11).
-61
Let r(u) = u**3 + 21*u**2 + 31*u - 127. What is r(-19)?
6
Let b(q) = -7*q - 212. What is b(-26)?
-30
Let f(r) = 13*r - 97. Determine f(6).
-19
Let f(o) = 2*o**2 + 37*o - 4. Determine f(-16).
-84
Let n(a) = -16*a**2 + 43*a + 225. Calculate n(-3).
-48
Let f(y) = y**3 - 22*y**2 - 96*y + 498. What is f(25)?
-27
Let n(b) = 4*b**3 + 28*b**2 - 30*b - 8. Give n(-8).
-24
Let n(b) = -83*b + 2552. Determine n(31).
-21
Let u(s) = s**3 - 19*s**2 - 123*s - 53. Give u(24).
-125
Let n(m) = -2*m**3 + 13*m**2 - 4*m + 3. Give n(6).
15
Let r(v) = -345*v + 1721. What is r(5)?
-4
Let n(y) = y**2 - 54*y + 38. Determine n(56).
150
Let k(o) = o**2 + 35*o - 1125. Determine k(-46).
-619
Let w(o) = o**3 - 35*o**2 + 62*o + 87. Give w(33).
-45
Let b(q) = -q**3 - 10*q**2 - 16*q + 16. Calculate b(-8).
16
Let o(d) = 2*d**3 + 92*d**2 - 97*d - 145. Give o(-47).
-4
Let i(f) = 364*f**3 + 7279*f**2 - 21*f - 15. Give i(-20).
5
Let z(d) = 794*d + 758. Determine z(-1).
-36
Let s(n) = 12*n - 505. What is s(46)?
47
Let o(m) = 82*m - 1136. Calculate o(14).
12
Let h(b) = 275*b - 541. Give h(2).
9
Let y(t) = t**3 - 15*t**2 + 13*t - 22. Give y(14).
-36
Let h(n) = -n**2 - 6*n - 5. Calculate h(-5).
0
Let r(d) = -d**3 + 8*d**2 + 31*d - 269. Determine r(8).
-21
Let c(h) = -h**3 - 5*h**2 - 9*h - 83. What is c(-6)?
7
Let u(n) = -6*n**3 - 8*n**2 + 9*n - 6. Give u(3).
-213
Let t(c) = -4*c**2 + 63*c - 607. Determine t(11).
-398
Let c(g) = 2*g**2 + 603*g - 2403. Calculate c(4).
41
Let i(v) = -v**3 + 13*v**2 - 47*v + 322. Determine i(10).
152
Let h(s) = 17*s**2 + 169*s - 164. Determine h(1).
22
Let z(h) = -248*h - 1219. Calculate z(-5).
21
Let j(k) = 2*k**3 - 14*k**2 - k + 26. Calculate j(7).
19
Let k(c) = -c**3 + 74*c**2 + 79*c - 296. Give k(75).
4
Let o(v) = v**2 + 31*v - 36. What is o(-13)?
-270
Let z(p) = -p**2 - 11*p - 902. Give z(-29).
-1424
Let b(g) = -1041*g + 3146. Determine b(3).
23
Let o(u) = -35*u - 68. What is o(-1)?
-33
Let c(v) = -25*v + 2337. Determine c(92).
37
Let q(d) = -d**2 + 39*d - 42. Give q(1).
-4
Let s(w) = 2*w**2 - 892*w + 18637. Calculate s(22).
-19
Let x(o) = o**2 + 94*o + 462. What is x(0)?
462
Let n(f) = 3*f**3 - 3*f**2 - 216*f + 440. Determine n(2).
20
Let r(w) = -74*w + 1382. Determine r(5).
1012
Let b(p) = -13*p**3 + 2*p**2 - 12*p + 16. Give b(3).
-353
Let o(z) = z**3 - 35*z**2 + 216*z - 13. Determine o(27).
-13
Let o(v) = -7*v - 43. Calculate o(-3).
-22
Let d(r) = -16*r - 262. Give d(-16).
-6
Let r(b) = 200*b - 1225. Calculate r(6).
-25
Let y(u) = -544*u**2 - 3807*u + 3. Give y(-7).
-4
Let q(b) = -16*b + 809. What is q(39)?
185
Let k(s) = 2*s**3 + 37*s**2 + 5*s - 170. What is k(-18)?
64
Let q(j) = 14*j - 1731. What is q(123)?
-9
Let s(h) = 2*h**3 - 61*h**2 + 235*h - 27. Give s(26).
-1
Let t(m) = -2*m**3 + 48*m**2 - 18*m - 177. Give t(24).
-609
Let y(w) = -130*w + 6893. What is y(53)?
3
Let y(r) = r**3 + 114*r**2 + 28*r + 3187. Determine y(-114).
-5
Let r(x) = -4*x**2 - 446*x - 650. Calculate r(-110).
10
Let t(s) = -2*s**3 - 40*s**2 + 8*s + 125. What is t(-20)?
-35
Let s(y) = 71*y - 54. Give s(5).
301
Let d(n) = -n**3 + 13*n**2 + 33. Give d(13).
33
Let j(x) = 6348*x - 139659. Determine j(22).
-3
Let o(j) = -171*j - 6113. Give o(-36).
43
Let b(n) = 2*n**2 + 10*n - 139. Give b(-11).
-7
Let l(c) = c**3 + 33*c**2 + 5*c + 97. Calculate l(-33).
-68
Let g(s) = 30*s - 333. Give g(6).
-153
Let p(x) = 44*x + 529. Give p(-11).
45
Let k(d) = -99*d - 1274. Determine k(-12).
-86
Let z(g) = 58*g + 172. Give z(-8).
-292
Let o(p) = -516*p - 966. Calculate o(-2).
66
Let q(o) = o**2 - 5*o - 232. Calculate q(18).
2
Let f(m) = m**2 + 624*m - 16901. What is f(26)?
-1
Let l(w) = -w**2 - 18*w + 5479. Give l(65).
84
Let c(z) = -z**2 + 88*z + 98. What is c(89)?
9
Let p(a) = 1799*a - 214071. Calculate p(119).
10
Let y(b) = 3*b**2 + 50*b - 92. What is y(-18)?
-20
Let b(c) = c**3 + 71*c**2 + 644*c - 3780. Calculate b(-59).
-4
Let n(r) = 2*r**3 + 53*r**2 + 14*r - 67. Give n(-26).
245
Let o(q) = -3*q**3 - 100*q**2 - 32*q + 30. Give o(-33).
-3
Let r(u) = -855*u - 3423. Determine r(-4).
-3
Let p(c) = -c**3 - 3*c**2 + 83*c + 115. What is p(-10)?
-15
Let x(v) = v**3 + 66*v**2 - 510*v + 80. Give x(-73).
7
Let s(a) = -a**2 - 3666*a - 47488. Determine s(-13).
1
Let v(o) = -117*o**2 - 18*o - 16. Give v(-1).
-115
Let z(c) = 1619*c + 27457. Give z(-17).
-66
Let d(s) = s**3 - 14*s**2 - 14*s + 27. Give d(9).
-504
Let u(o) = -14*o**2 + 559*o + 50. Calculate u(40).
10
Let m(p) = -113*p + 1700. Determine m(15).
5
Let p(t) = -t**2 - 289*t + 1465. What is p(5)?
-5
Let c(p) = -4*p**2 + 9*p. Determine c(-4).
-100
Let c(z) = z + 21. Calculate c(3).
24
Let t(q) = -46*q + 378. Give t(8).
10
Let s(b) = -b**2 + 429*b - 6617. What is s(16)?
-9
Let d(s) = -s**3 - 24*s**2 + 22*s - 67. Give d(-25).
8
Let l(w) = w**3 - 8*w**2 + 14*w - 302. Give l(10).
38
Let x(u) = u**2 + 51*u + 89. Give x(-50).
39
Let y(v) = -45*v + 5225. Calculate y(113).
140
Let f(h) = 36*h + 6399. Calculate f(-178).
-9
Let o(z) = -262*z + 3174. What is o(12)?
30
Let t(y) = 15*y - 201. Determine t(8).
-81
Let i(f) = f**3 + 28*f**2 - 8*f - 259. Determine i(-28).
-35
Let p(l) = -28*l + 751. Calculate p(27).
-5
Let i(m) = -4*m**2 - 179*m - 740. Calculate i(-40).
20
Let o(x) = -x**2 + 286*x + 6. What is o(0)?
6
Let b(m) = 309*m - 6454. Determine b(21).
35
Let t(x) = -65*x + 3367. Calculate t(52).
-13
Let d(f) = 2*f**2 + 376*f - 755. Give d(2).
5
Let t(g) = 42*g - 340. Calculate t(8).
-4
Let g(d) = 5*d**2 - 56*d + 44. Give g(13).
161
Let n(z) = z**3